emainder when i is divided by 3.
2
Let p = 4 - 2. Let v be 4/(2/1) - -98. Suppose -p*u = -v + 34. Calculate the remainder when u is divided by 17.
16
Suppose -3*a - 2*a = -10. Suppose 40 = 5*j - 0*s + a*s, -40 = -5*j + 2*s. Suppose 69 - 94 = -5*q. What is the remainder when j is divided by q?
3
Suppose -f + 0 + 4 = 2*g, -4*g + 4*f = -8. Suppose 3*k + g*k = 75. Calculate the remainder when k is divided by 9.
6
Let b = 0 - -1. Let p = 4 - 2. Calculate the remainder when -2*p/(-8)*2 is divided by b.
0
Let x(o) = 4*o - 9. Let p(f) = -2*f**2 + 3*f - 1. Let t be p(2). Calculate the remainder when x(11) is divided by (7 + 2 + t)*2.
11
Let n be (-17)/(-5) + 10/(-25). Suppose 6 = n*m, 2*s = 3*s + 2*m - 10. What is the remainder when 23 is divided by s?
5
Let v be 1/1 + (-250)/2. Let z = -62 - v. What is the remainder when z is divided by 21?
20
Let f = 18 + -12. Let k = 4 - -7. Calculate the remainder when k is divided by f.
5
Let b(l) = -l**3 - 9*l**2 - 5*l. Calculate the remainder when 133 is divided by b(-9).
43
Let f be 36/(-30)*(-10)/(-4). Calculate the remainder when ((-50)/f)/(1/3) is divided by 13.
11
Suppose v + 1 = -8. Let o be -1*3/v*0. Suppose o = -2*x - 15 + 41. What is the remainder when x is divided by 7?
6
Suppose 0*c + 2*y - 6 = -2*c, -4*y - 20 = 0. Suppose -h - 5 = -p + 3, -p - 12 = 3*h. Let u = p + c. Calculate the remainder when 20 is divided by u.
9
Let l = -6 + 4. Let f be l/(-1 - 5)*9. Suppose 0*s + s + 2 = -p, 10 = -p - f*s. What is the remainder when 2 is divided by p?
0
Let n(g) = g + 12. Let a be n(-12). Suppose a = -2*l + 66 + 76. What is the remainder when l is divided by 24?
23
Calculate the remainder when 30 is divided by (176/55)/((-2)/(-10)).
14
Calculate the remainder when (10/6)/(1/6) is divided by 3.
1
Suppose 10 = b - 10. What is the remainder when 36 is divided by b?
16
Suppose -2*s - 5*o + 150 = 0, -3*s - 2*s = o - 375. Calculate the remainder when s is divided by 13.
10
Suppose -2*u - u + 72 = 0. Calculate the remainder when u is divided by 13.
11
Suppose -5*y + 118 = -4*u, 4*y = -3*u - 41 + 123. What is the remainder when y is divided by 12?
10
Let i be ((-2)/((-6)/(-27)))/(-1). Calculate the remainder when 20 is divided by 2 - (-27)/(i/3).
9
Let s(a) = -2*a - a + 2 + 0*a. Calculate the remainder when 14 is divided by s(-2).
6
Suppose 20 = k + 4*k. Let d(s) = 2*s**3 - 5*s**2 - s - 3. What is the remainder when d(k) is divided by 14?
13
Let j = -12 + 39. Let p = j + -18. What is the remainder when 16 is divided by p?
7
Suppose 3*m = -h - 2*h - 12, 12 = -4*m. Let o(i) be the third derivative of -i**4/6 + i**3/6 - 6*i**2. Calculate the remainder when 13 is divided by o(h).
3
Suppose -3*i = -5*y - 0*i - 22, 2*y + 12 = -2*i. Let b = y + 5. Let v(g) = g**2 - g + 9. Calculate the remainder when 26 is divided by v(b).
8
Suppose 5*m - 24 = -9, 0 = 3*d + 5*m - 21. Suppose -12 = -d*b + 24. What is the remainder when 35 is divided by b?
17
Let w = 25 - 10. Calculate the remainder when w is divided by 4.
3
Let o = 27 - 6. Let z be 2 - (2*7)/(-1). Let b = z + -5. What is the remainder when o is divided by b?
10
Suppose -18*g = -8*g - 20. Calculate the remainder when 5 is divided by g.
1
Suppose 5*y - 101 - 224 = 0. Suppose -4*z + 64 = 4*d, -2*d - 3*z = 2*d - y. Calculate the remainder when 32 is divided by d.
15
Let t = -2 - -6. Suppose -t*s = -5*g - 24, -26 = -2*s - g - 0*g. What is the remainder when s is divided by 6?
5
What is the remainder when 7 is divided by (-2 + 1)*(-8)/(3 - -1)?
1
Let f(q) = q + 12. Let l be f(6). Let y = 36 - l. What is the remainder when 34 is divided by y?
16
Let g = -6 - -10. Suppose -g*i + 260 = i. What is the remainder when i is divided by 18?
16
Let o = -16 + 22. Suppose -c + 50 = -6*c - 3*q, -5*c - 4*q = 50. What is the remainder when o is divided by (-4)/5*c/2?
2
Let p = 8 - 3. Suppose 3*a - 3*w = 6, -2*a - 3*w + 4*w = -5. Let j(b) = 7*b - 4. What is the remainder when j(a) is divided by p?
2
Let q(r) = -r**3 + 5*r**2 + r + 2. Calculate the remainder when 109 is divided by q(4).
21
Let y be ((-7)/(-21))/((-2)/(-30)). Suppose 0*g = -y*g + 90. Calculate the remainder when g is divided by 10.
8
Suppose 0 = 5*j - j - 8. Suppose -j*d = -3*d + 32. Let x(q) = -q**2 + 11*q - 7. Calculate the remainder when d is divided by x(9).
10
What is the remainder when (6/4)/(6/104) is divided by 10?
6
Calculate the remainder when (-802)/(-14) + (-7 - 94/(-14)) is divided by 21.
15
Suppose 2*z + 3*z - 65 = 0. Calculate the remainder when 25 is divided by z.
12
Let x = 57 - 41. Calculate the remainder when 45 is divided by x.
13
Let u be (1236/20)/(1/5). Suppose -2*a - a = -u. Calculate the remainder when a is divided by 35.
33
Suppose -5*q = 5*h - 20, 0 = 3*q + 5*h - 4 - 6. Let k be (-1)/(-4) + (-285)/(-60). Let l = k + q. Calculate the remainder when 29 is divided by l.
9
Suppose 0 = -k + 4*k - 9. Let d(i) = 3*i - 1. What is the remainder when d(3) is divided by k?
2
Suppose 10*n - 4*n - 72 = 0. Calculate the remainder when 35 is divided by n.
11
Let n = -12 - 19. Let r = n - -49. Calculate the remainder when (-1 - -7)*121/22 is divided by r.
15
Let a = 7 - 0. What is the remainder when (-26)/((2 + -1)*-2) is divided by a?
6
Suppose -2*z - 2*z + 20 = 0. Suppose z*b + 0*b = 30. Let j = -21 - -32. Calculate the remainder when j is divided by b.
5
Suppose -2*w + 724 = -2*z, 105 + 256 = w - 2*z. Suppose d - w = -4*v, -v - v - 4*d = -192. Calculate the remainder when v is divided by 31.
28
Calculate the remainder when (-12)/21 + 470/14 is divided by 12.
9
Suppose 3*k - 48 = -15. What is the remainder when k is divided by 3?
2
Let v be (14/(-42))/(1/(-51)). Suppose -3*t = -v - 16. Calculate the remainder when -1 + 32 + (1 - 1) is divided by t.
9
Let v(f) = 6*f**2 - f + 1. What is the remainder when 52 is divided by v(-2)?
25
Let u(y) = -15*y**3 + 2*y**2 - 1. Let d(o) = -2*o - 4. What is the remainder when u(-1) is divided by d(-5)?
4
Suppose -54 - 174 = -2*u. Suppose -5*z - 19 = -4*m + 3*m, -4*m + u = -z. Calculate the remainder when m is divided by 8.
5
Suppose -2*i = -4, 3*s - 5*s - 4*i + 4 = 0. What is the remainder when 122 is divided by 31*s/(-10)*5?
29
Suppose -3*t + 155 = -52. Suppose 5*l = -4*r + 62, 5*r - l - 102 = -10. Calculate the remainder when t is divided by r.
15
Suppose 5*t - 2*i - 198 = -0*i, 5*t = -3*i + 178. Calculate the remainder when t is divided by 14.
10
Calculate the remainder when (-2*1)/(11/(-286)) is divided by 27.
25
Suppose -2*o - 2*o + 64 = 0. Calculate the remainder when 62 is divided by o.
14
Let z = 1 - -17. What is the remainder when 53 is divided by z?
17
Let m be 2/(8/3)*184. Let l = 16 - 10. Suppose -m = -l*v + 3*v. Calculate the remainder when v is divided by 16.
14
What is the remainder when 29 is divided by ((-8)/4)/((-2)/8)?
5
Calculate the remainder when 15 is divided by (-88)/(-12) + (-8)/(-12).
7
What is the remainder when ((-10)/(-4))/(-5) + (-156)/(-8) is divided by 5?
4
Suppose 4 - 19 = -5*l. Let g = l - -11. Calculate the remainder when g is divided by 4.
2
Suppose -5*b + 2*z = -38, 4*z = 4*b + b - 36. Let s(f) = -f**3 + 10*f**2 + f + 11. What is the remainder when s(10) is divided by b?
5
Let b be 4/(-8)*(-12)/3. Suppose 0 = -b*c + 8 + 2. Let d(u) = 2*u**2 - 8*u + 3. Calculate the remainder when d(c) is divided by 8.
5
Suppose -4*r + 6 = -3*n - 16, -5*r = 4*n - 12. What is the remainder when 16 is divided by (6 - 4) + 1*r?
4
Let m(d) = -d + 6. Let l(f) = f**2 + f + 4. What is the remainder when m(-5) is divided by l(0)?
3
Let j = -3 - -15. Suppose 84 = -0*u + 3*u. Suppose 5*x - 5*k = 140, 0 = 3*x - 5*k - 66 - u. What is the remainder when x is divided by j?
11
Suppose 14 + 16 = 6*a. Calculate the remainder when 15 is divided by a.
0
Let g(q) = q**3 - q**2 - 2*q + 1. Let v = -7 - -14. What is the remainder when g(3) is divided by v?
6
What is the remainder when 30 is divided by (-2)/(-1)*(-33)/(-6)?
8
Let l be 4/3 - (-6)/9. Suppose -j + 5 = 2*m, -l*m - 5*j + 7 = -m. Let b = 1 + m. Calculate the remainder when b is divided by 2.
1
Let z be 27/12 + 2/(-8). Let j = 0 + z. Suppose -l + j = -11. Calculate the remainder when 25 is divided by l.
12
Suppose -c = 4*s - 2*s - 11, -9 = -2*s + c. Suppose -6*z + 3*z = -2*f + 13, 3*z = s*f - 19. Calculate the remainder when 